, 12312463
What are the prime factors of 3356364658?
2, 47, 107, 333701
List the prime factors of 69076636.
2, 23, 41, 18313
List the prime factors of 6739256938.
2, 3369628469
What are the prime factors of 42238784?
2, 7, 13469
What are the prime factors of 1789029911?
19, 9539, 9871
What are the prime factors of 3290741767?
23, 7103, 20143
List the prime factors of 6299781889.
223, 28250143
What are the prime factors of 2964286?
2, 13, 23, 4957
List the prime factors of 1176066267.
3, 1979, 198091
List the prime factors of 8543554205.
5, 1708710841
List the prime factors of 156472441.
41, 937, 4073
What are the prime factors of 35608337?
19, 269, 6967
What are the prime factors of 979982230?
2, 5, 31, 619, 5107
What are the prime factors of 32081736?
2, 3, 1093, 1223
List the prime factors of 6745320422.
2, 239, 14111549
List the prime factors of 31126330.
2, 5, 97, 32089
List the prime factors of 43690014.
2, 3, 331, 7333
List the prime factors of 168968929.
53, 3188093
List the prime factors of 515982590.
2, 5, 51598259
List the prime factors of 213897597.
3, 59, 1208461
List the prime factors of 748942401.
3, 59, 4231313
What are the prime factors of 902283456?
2, 3, 4699393
What are the prime factors of 768564889?
768564889
List the prime factors of 338237677.
19, 131, 135893
What are the prime factors of 57069851?
57069851
List the prime factors of 5850858994.
2, 1277, 2290861
What are the prime factors of 896676574?
2, 23, 37, 526837
What are the prime factors of 653375096?
2, 11, 31, 53, 4519
What are the prime factors of 160913288?
2, 20114161
List the prime factors of 3804084513.
3, 311, 453029
List the prime factors of 859608921.
3, 491, 583577
List the prime factors of 2571168.
2, 3, 26783
What are the prime factors of 2940806?
2, 11, 133673
What are the prime factors of 4739103249?
3, 1579701083
What are the prime factors of 151603980?
2, 3, 5, 11, 229703
List the prime factors of 204155512.
2, 11, 97, 23917
What are the prime factors of 1415086?
2, 707543
What are the prime factors of 3860705554?
2, 2663, 724879
What are the prime factors of 273838343?
273838343
List the prime factors of 379055037.
3, 61, 2071339
What are the prime factors of 74437408?
2, 109, 21341
What are the prime factors of 342377155?
5, 139, 492629
List the prime factors of 1790873514.
2, 3, 331, 300583
What are the prime factors of 10141471?
10141471
List the prime factors of 166438158.
2, 3, 27739693
List the prime factors of 742517610.
2, 3, 5, 24750587
What are the prime factors of 6989935?
5, 223, 6269
List the prime factors of 255255601.
255255601
List the prime factors of 34731531.
3, 29, 44357
What are the prime factors of 17371389?
3, 7, 37, 79, 283
What are the prime factors of 117736211?
59, 1995529
List the prime factors of 678682798.
2, 67, 1871, 2707
What are the prime factors of 1349083727?
73, 18480599
List the prime factors of 297015751.
181, 1640971
List the prime factors of 73867509.
3, 8207501
List the prime factors of 118171447.
23, 271, 18959
List the prime factors of 760309172.
2, 7, 1091, 24889
List the prime factors of 25427017.
7, 11, 71, 4651
What are the prime factors of 105160784?
2, 23, 285763
List the prime factors of 2215024161.
3, 7, 19, 292181
List the prime factors of 1468454716.
2, 569, 769, 839
List the prime factors of 439293508.
2, 29, 127, 29819
List the prime factors of 895115436.
2, 3, 317, 235309
What are the prime factors of 3021187619?
3433, 880043
What are the prime factors of 76617964?
2, 83, 89, 2593
List the prime factors of 181761029.
31, 61, 277, 347
List the prime factors of 211182983.
11, 271, 70843
What are the prime factors of 462669148?
2, 359, 322193
What are the prime factors of 36188204?
2, 13, 695927
What are the prime factors of 443507828?
2, 110876957
What are the prime factors of 163336400?
2, 5, 408341
List the prime factors of 554258119.
554258119
What are the prime factors of 1601429080?
2, 5, 193, 283, 733
What are the prime factors of 27116246?
2, 13558123
List the prime factors of 1046396186.
2, 11, 37, 773, 1663
List the prime factors of 1690061663.
139, 12158717
List the prime factors of 8462334635.
5, 6359, 266153
What are the prime factors of 24705385?
5, 1061, 4657
What are the prime factors of 6988266215?
5, 7, 19, 337, 31183
What are the prime factors of 27075835?
5, 5415167
What are the prime factors of 194617557?
3, 887, 24379
List the prime factors of 671883780.
2, 3, 5, 11198063
List the prime factors of 13019201.
13, 193, 5189
What are the prime factors of 344447238?
2, 3, 19, 3021467
What are the prime factors of 20551020?
2, 3, 5, 7, 167, 293
What are the prime factors of 19368600?
2, 3, 5, 19, 1699
What are the prime factors of 20535908?
2, 5133977
List the prime factors of 442044809.
37, 1597, 7481
What are the prime factors of 2362149811?
7, 31, 677, 2297
List the prime factors of 793355153.
313, 2534681
List the prime factors of 21775043.
23, 946741
List the prime factors of 15622897.
15622897
What are the prime factors of 3943340453?
13, 29, 37, 282697
List the prime factors of 176892727.
11, 31, 518747
List the prime factors of 523196254.
2, 7, 37371161
What are the prime factors of 97812823?
79, 1238137
List the prime factors of 942027851.
17, 29, 1109, 1723
List the prime factors of 3334903787.
17, 59, 3324929
List the prime factors of 1193415591.
3, 67, 617, 9623
What are the prime factors of 27303655?
5, 487, 11213
What are the prime factors of 1774636876?
2, 11119, 39901
What are the prime factors of 1932368601?
3, 31, 20778157
What are the prime factors of 4038755790?
2, 3, 5, 17, 7919129
What are the prime factors of 395965488?
2, 3, 151, 54631
What are the prime factors of 541225499?
541225499
What are the prime factors of 936614?
2, 7, 149, 449
What are the prime factors of 74042508?
2, 3, 31, 199039
What are the prime factors of 495283389?
3, 17, 1759, 5521
List the prime factors of 4662563.
233, 20011
List the prime factors of 2583187115.
5, 97, 5326159
List the prime factors of 9308753.
9308753
List the prime factors of 174656437.
174656437
List the prime factors of 1660597163.
1660597163
What are the prime factors of 266811780?
2, 3, 5, 4446863
What are the prime factors of 1074865901?
5827, 184463
What are the prime factors of 785408490?
2, 3, 5, 8726761
List the prime factors of 1673956516.
2, 37, 11310517
What are the prime factors of 59045632?
2, 230647
List the prime factors of 32236526.
2, 7, 2302609
List the prime factors of 18157909.
7, 11, 31, 7607
List the prime factors of 478503339.
3, 23, 6934831
What are the prime factors of 1889089758?
2, 3, 71, 1478161
What are the prime factors of 37801505?
5, 7, 1080043
List the prime factors of 41532525.
3, 5, 197, 937
What are the prime factors of 25384623?
3, 11, 769231
What are the prime factors of 41476499?
421, 98519
List the prime factors of 96737879.
7, 53, 239, 1091
What are the prime factors of 237327130?
2, 5, 23732713
List the prime factors of 109372513.
853, 128221
What are the prime factors of 750186042?
2, 3, 125031007
What are the prime factors of 74454314?
2, 11, 3384287
List the prime factors of 24568144.
2, 331, 4639
What are the prime factors of 1039152611?
7, 148450373
List the prime factors of 62572598.
2, 11, 463, 6143
List the prime factors of 419434605.
3, 5, 1035641
List the prime factors of 227805284.
2, 7, 197, 41299
What are the prime factors of 628663580?
2, 5, 83, 378713
What are the prime factors of 1824015042?
2, 3, 79, 541, 2371
List the prime factors of 174570865.
5, 7, 29, 293, 587
What are the prime factors of 134662588?
2, 33665647
What are the prime factors of 46850398?
2, 7, 3346457
List the prime factors of 115897487.
115897487
What are the prime factors of 3666828322?
2, 569, 3222169
List the prime factors of 449337089.
421, 877, 1217
List the prime factors of 2282727761.
2282727761
What are the prime factors of 1648985307?
3, 67, 8203907
What are the prime factors of 12428133?
3, 1583, 2617
What are the prime factors of 1593154156?
2, 11, 23, 997, 1579
What are the prime factors of 4960730?
2, 5, 496073
What are the prime factors of 43895960?
2, 5, 23, 47713
What are the prime factors of 550633820?
2, 5, 11, 101, 24781
List the prime factors of 773637026.
2, 